{"id":5917,"date":"2021-07-03T21:47:21","date_gmt":"2021-07-03T21:47:21","guid":{"rendered":"https:\/\/www.peakstore.mx\/store\/?post_type=product&#038;p=5917"},"modified":"2021-07-03T21:47:21","modified_gmt":"2021-07-03T21:47:21","slug":"primer-consulta-de-revision-super-oferta","status":"publish","type":"product","link":"https:\/\/www.peakstore.mx\/store\/product\/primer-consulta-de-revision-super-oferta\/","title":{"rendered":"Primer consulta de revisi\u00f3n Super Oferta"},"content":{"rendered":"<p><img decoding=\"async\" loading=\"lazy\" class=\"aligncenter  wp-image-5863\" src=\"https:\/\/www.peakstore.mx\/store\/wp-content\/uploads\/2021\/06\/PROMOCI\u00d3N-NEUROPET-EN-PEAK-STORE.png\" alt=\"\" width=\"374\" height=\"374\" srcset=\"https:\/\/www.peakstore.mx\/store\/wp-content\/uploads\/2021\/06\/PROMOCI\u00d3N-NEUROPET-EN-PEAK-STORE.png 1000w, https:\/\/www.peakstore.mx\/store\/wp-content\/uploads\/2021\/06\/PROMOCI\u00d3N-NEUROPET-EN-PEAK-STORE-300x300.png 300w, https:\/\/www.peakstore.mx\/store\/wp-content\/uploads\/2021\/06\/PROMOCI\u00d3N-NEUROPET-EN-PEAK-STORE-150x150.png 150w, https:\/\/www.peakstore.mx\/store\/wp-content\/uploads\/2021\/06\/PROMOCI\u00d3N-NEUROPET-EN-PEAK-STORE-768x768.png 768w, https:\/\/www.peakstore.mx\/store\/wp-content\/uploads\/2021\/06\/PROMOCI\u00d3N-NEUROPET-EN-PEAK-STORE-600x600.png 600w, https:\/\/www.peakstore.mx\/store\/wp-content\/uploads\/2021\/06\/PROMOCI\u00d3N-NEUROPET-EN-PEAK-STORE-100x100.png 100w\" sizes=\"(max-width: 374px) 100vw, 374px\" \/><\/p>\n","protected":false},"excerpt":{"rendered":"","protected":false},"featured_media":5863,"comment_status":"open","ping_status":"closed","template":"","meta":{"pmpro_default_level":0},"yoast_head":"<!-- This site is optimized with the Yoast SEO plugin v15.0 - https:\/\/yoast.com\/wordpress\/plugins\/seo\/ -->\n<title>Primer consulta de revisi\u00f3n Super Oferta - PeakStore<\/title>\n<meta name=\"robots\" content=\"index, follow, max-snippet:-1, max-image-preview:large, max-video-preview:-1\" \/>\n<link rel=\"canonical\" href=\"https:\/\/www.peakstore.mx\/store\/product\/primer-consulta-de-revision-super-oferta\/\" \/>\n<meta property=\"og:locale\" content=\"es_MX\" \/>\n<meta property=\"og:type\" content=\"article\" \/>\n<meta property=\"og:title\" content=\"Primer consulta de revisi\u00f3n Super Oferta - PeakStore\" \/>\n<meta property=\"og:description\" content=\"Somos un grupo de m\u00e9dicos veterinarios con m\u00e1s de 10 a\u00f1os de experiencia en atenci\u00f3n de animales.\u00a0  Nuestros clientes nos recomiendan.\u00a0  Vis\u00edtanos  https:\/\/www.peakstore.mx\/store\/servicios\/veterinaria-neuropets\/\" \/>\n<meta property=\"og:url\" content=\"https:\/\/www.peakstore.mx\/store\/product\/primer-consulta-de-revision-super-oferta\/\" \/>\n<meta property=\"og:site_name\" content=\"PeakStore\" \/>\n<meta property=\"og:image\" content=\"https:\/\/www.peakstore.mx\/store\/wp-content\/uploads\/2021\/06\/PROMOCI\u00d3N-NEUROPET-EN-PEAK-STORE.png\" \/>\n\t<meta property=\"og:image:width\" content=\"1000\" \/>\n\t<meta property=\"og:image:height\" content=\"1000\" \/>\n<meta name=\"twitter:card\" content=\"summary_large_image\" \/>\n<script type=\"application\/ld+json\" class=\"yoast-schema-graph\">{\"@context\":\"https:\/\/schema.org\",\"@graph\":[{\"@type\":\"WebSite\",\"@id\":\"https:\/\/www.peakstore.mx\/store\/#website\",\"url\":\"https:\/\/www.peakstore.mx\/store\/\",\"name\":\"PeakStore\",\"description\":\"Market Place para M\\u00e9xico\",\"potentialAction\":[{\"@type\":\"SearchAction\",\"target\":\"https:\/\/www.peakstore.mx\/store\/?s={search_term_string}\",\"query-input\":\"required name=search_term_string\"}],\"inLanguage\":\"es-MX\"},{\"@type\":\"ImageObject\",\"@id\":\"https:\/\/www.peakstore.mx\/store\/product\/primer-consulta-de-revision-super-oferta\/#primaryimage\",\"inLanguage\":\"es-MX\",\"url\":\"https:\/\/www.peakstore.mx\/store\/wp-content\/uploads\/2021\/06\/PROMOCI\\u00d3N-NEUROPET-EN-PEAK-STORE.png\",\"width\":1000,\"height\":1000},{\"@type\":\"WebPage\",\"@id\":\"https:\/\/www.peakstore.mx\/store\/product\/primer-consulta-de-revision-super-oferta\/#webpage\",\"url\":\"https:\/\/www.peakstore.mx\/store\/product\/primer-consulta-de-revision-super-oferta\/\",\"name\":\"Primer consulta de revisi\\u00f3n Super Oferta - PeakStore\",\"isPartOf\":{\"@id\":\"https:\/\/www.peakstore.mx\/store\/#website\"},\"primaryImageOfPage\":{\"@id\":\"https:\/\/www.peakstore.mx\/store\/product\/primer-consulta-de-revision-super-oferta\/#primaryimage\"},\"datePublished\":\"2021-07-03T21:47:21+00:00\",\"dateModified\":\"2021-07-03T21:47:21+00:00\",\"inLanguage\":\"es-MX\",\"potentialAction\":[{\"@type\":\"ReadAction\",\"target\":[\"https:\/\/www.peakstore.mx\/store\/product\/primer-consulta-de-revision-super-oferta\/\"]}]}]}<\/script>\n<!-- \/ Yoast SEO plugin. -->","_links":{"self":[{"href":"https:\/\/www.peakstore.mx\/store\/wp-json\/wp\/v2\/product\/5917"}],"collection":[{"href":"https:\/\/www.peakstore.mx\/store\/wp-json\/wp\/v2\/product"}],"about":[{"href":"https:\/\/www.peakstore.mx\/store\/wp-json\/wp\/v2\/types\/product"}],"replies":[{"embeddable":true,"href":"https:\/\/www.peakstore.mx\/store\/wp-json\/wp\/v2\/comments?post=5917"}],"wp:featuredmedia":[{"embeddable":true,"href":"https:\/\/www.peakstore.mx\/store\/wp-json\/wp\/v2\/media\/5863"}],"wp:attachment":[{"href":"https:\/\/www.peakstore.mx\/store\/wp-json\/wp\/v2\/media?parent=5917"}],"curies":[{"name":"wp","href":"https:\/\/api.w.org\/{rel}","templated":true}]}}