{"id":6129,"date":"2021-07-25T19:47:41","date_gmt":"2021-07-25T19:47:41","guid":{"rendered":"https:\/\/www.peakstore.mx\/store\/?page_id=6129"},"modified":"2021-07-25T23:56:42","modified_gmt":"2021-07-25T23:56:42","slug":"proyectate-radio","status":"publish","type":"page","link":"https:\/\/www.peakstore.mx\/store\/proyectate-radio\/","title":{"rendered":"PROY\u00c9CTATE RADIO"},"content":{"rendered":"<p>&nbsp;<\/p>\n<p><a href=\"https:\/\/www.facebook.com\/proyectateradio\"><img decoding=\"async\" loading=\"lazy\" class=\"aligncenter size-large wp-image-6155\" src=\"https:\/\/www.peakstore.mx\/store\/wp-content\/uploads\/2021\/07\/Banner-PROYECTATE-RADIO-2-1024x288.png\" alt=\"\" width=\"970\" height=\"273\" srcset=\"https:\/\/www.peakstore.mx\/store\/wp-content\/uploads\/2021\/07\/Banner-PROYECTATE-RADIO-2-1024x288.png 1024w, https:\/\/www.peakstore.mx\/store\/wp-content\/uploads\/2021\/07\/Banner-PROYECTATE-RADIO-2-300x84.png 300w, https:\/\/www.peakstore.mx\/store\/wp-content\/uploads\/2021\/07\/Banner-PROYECTATE-RADIO-2-768x216.png 768w, https:\/\/www.peakstore.mx\/store\/wp-content\/uploads\/2021\/07\/Banner-PROYECTATE-RADIO-2-1536x432.png 1536w, https:\/\/www.peakstore.mx\/store\/wp-content\/uploads\/2021\/07\/Banner-PROYECTATE-RADIO-2-2048x576.png 2048w, https:\/\/www.peakstore.mx\/store\/wp-content\/uploads\/2021\/07\/Banner-PROYECTATE-RADIO-2-600x169.png 600w\" sizes=\"(max-width: 970px) 100vw, 970px\" \/><\/a><\/p>\n<p>&nbsp;<\/p>\n<p><a href=\"https:\/\/www.facebook.com\/proyectateradio\"><br \/>\n<img decoding=\"async\" loading=\"lazy\" class=\"aligncenter size-large wp-image-6151\" src=\"https:\/\/www.peakstore.mx\/store\/wp-content\/uploads\/2021\/07\/Logotipo-2021-1024x674.png\" alt=\"\" width=\"970\" height=\"638\" srcset=\"https:\/\/www.peakstore.mx\/store\/wp-content\/uploads\/2021\/07\/Logotipo-2021-1024x674.png 1024w, https:\/\/www.peakstore.mx\/store\/wp-content\/uploads\/2021\/07\/Logotipo-2021-300x198.png 300w, https:\/\/www.peakstore.mx\/store\/wp-content\/uploads\/2021\/07\/Logotipo-2021-768x506.png 768w, https:\/\/www.peakstore.mx\/store\/wp-content\/uploads\/2021\/07\/Logotipo-2021-600x395.png 600w, https:\/\/www.peakstore.mx\/store\/wp-content\/uploads\/2021\/07\/Logotipo-2021.png 1280w\" sizes=\"(max-width: 970px) 100vw, 970px\" \/><\/a><\/p>\n<div dir=\"auto\"><\/div>\n<div dir=\"auto\"><\/div>\n<div dir=\"auto\"><\/div>\n<div dir=\"auto\">Proyecta tus sentidos radiodifusora y medios de comunicaci\u00f3n. Temas de inter\u00e9s para tu desarrollo personal, encontrar\u00e1s m\u00fasica y mucho m\u00e1s, entretenimiento del medio del espect\u00e1culo.<\/div>\n<div dir=\"auto\">Revista Digital Proyectate Magazine<\/div>\n<div dir=\"auto\"><\/div>\n<div dir=\"auto\"><\/div>\n<div dir=\"auto\"><\/div>\n<div dir=\"auto\"><\/div>\n<div dir=\"auto\"><\/div>\n<div dir=\"auto\"><a href=\"https:\/\/www.facebook.com\/proyectateradio\/?ti=as\"><img decoding=\"async\" loading=\"lazy\" class=\"aligncenter size-large wp-image-6132\" src=\"https:\/\/www.peakstore.mx\/store\/wp-content\/uploads\/2021\/07\/Proyecta-Radio-con-Peak-Store-apoyando-a-los-negocios-a-pie-de-calle-1024x576.png\" alt=\"\" width=\"970\" height=\"546\" srcset=\"https:\/\/www.peakstore.mx\/store\/wp-content\/uploads\/2021\/07\/Proyecta-Radio-con-Peak-Store-apoyando-a-los-negocios-a-pie-de-calle-1024x576.png 1024w, https:\/\/www.peakstore.mx\/store\/wp-content\/uploads\/2021\/07\/Proyecta-Radio-con-Peak-Store-apoyando-a-los-negocios-a-pie-de-calle-300x169.png 300w, https:\/\/www.peakstore.mx\/store\/wp-content\/uploads\/2021\/07\/Proyecta-Radio-con-Peak-Store-apoyando-a-los-negocios-a-pie-de-calle-768x432.png 768w, https:\/\/www.peakstore.mx\/store\/wp-content\/uploads\/2021\/07\/Proyecta-Radio-con-Peak-Store-apoyando-a-los-negocios-a-pie-de-calle-600x337.png 600w, https:\/\/www.peakstore.mx\/store\/wp-content\/uploads\/2021\/07\/Proyecta-Radio-con-Peak-Store-apoyando-a-los-negocios-a-pie-de-calle.png 1272w\" sizes=\"(max-width: 970px) 100vw, 970px\" \/><\/a><\/div>\n<div dir=\"auto\"><\/div>\n<div dir=\"auto\"><\/div>\n<div dir=\"auto\"><\/div>\n<div dir=\"auto\"><\/div>\n<div dir=\"auto\"><\/div>\n<div dir=\"auto\"><\/div>\n<div dir=\"auto\"><\/div>\n<div dir=\"auto\"><\/div>\n<div dir=\"auto\"><\/div>\n<div dir=\"auto\"><\/div>\n<div dir=\"auto\"><a href=\"https:\/\/www.facebook.com\/proyectateradio\"><img decoding=\"async\" loading=\"lazy\" class=\"aligncenter wp-image-6152\" src=\"https:\/\/www.peakstore.mx\/store\/wp-content\/uploads\/2021\/07\/En-alianza-Peak-Store-y-Proyecta-Radio-1.png\" alt=\"\" width=\"961\" height=\"536\" srcset=\"https:\/\/www.peakstore.mx\/store\/wp-content\/uploads\/2021\/07\/En-alianza-Peak-Store-y-Proyecta-Radio-1.png 407w, https:\/\/www.peakstore.mx\/store\/wp-content\/uploads\/2021\/07\/En-alianza-Peak-Store-y-Proyecta-Radio-1-300x167.png 300w\" sizes=\"(max-width: 961px) 100vw, 961px\" \/><\/a><\/div>\n","protected":false},"excerpt":{"rendered":"&nbsp; &nbsp; Proyecta tus sentidos radiodifusora y medios de comunicaci\u00f3n. Temas de inter\u00e9s para tu desarrollo personal, encontrar\u00e1s m\u00fasica y mucho m\u00e1s, entretenimiento del medio del espect\u00e1culo. Revista Digital Proyectate Magazine","protected":false},"author":1,"featured_media":6130,"parent":0,"menu_order":0,"comment_status":"closed","ping_status":"closed","template":"","meta":{"pmpro_default_level":0},"yoast_head":"<!-- This site is optimized with the Yoast SEO plugin v15.0 - https:\/\/yoast.com\/wordpress\/plugins\/seo\/ -->\n<title>PROY\u00c9CTATE RADIO - PeakStore<\/title>\n<meta name=\"robots\" content=\"index, follow, max-snippet:-1, max-image-preview:large, max-video-preview:-1\" \/>\n<link rel=\"canonical\" href=\"https:\/\/www.peakstore.mx\/store\/proyectate-radio\/\" \/>\n<meta property=\"og:locale\" content=\"es_MX\" \/>\n<meta property=\"og:type\" content=\"article\" \/>\n<meta property=\"og:title\" content=\"PROY\u00c9CTATE RADIO - PeakStore\" \/>\n<meta property=\"og:description\" content=\"&nbsp; &nbsp; Proyecta tus sentidos radiodifusora y medios de comunicaci\u00f3n. Temas de inter\u00e9s para tu desarrollo personal, encontrar\u00e1s m\u00fasica y mucho m\u00e1s, entretenimiento del medio del espect\u00e1culo. Revista Digital Proyectate Magazine\" \/>\n<meta property=\"og:url\" content=\"https:\/\/www.peakstore.mx\/store\/proyectate-radio\/\" \/>\n<meta property=\"og:site_name\" content=\"PeakStore\" \/>\n<meta property=\"article:modified_time\" content=\"2021-07-25T23:56:42+00:00\" \/>\n<meta property=\"og:image\" content=\"https:\/\/www.peakstore.mx\/store\/wp-content\/uploads\/2021\/07\/Logotipo.jpg\" \/>\n\t<meta property=\"og:image:width\" content=\"714\" \/>\n\t<meta property=\"og:image:height\" content=\"699\" \/>\n<meta name=\"twitter:card\" content=\"summary_large_image\" \/>\n<script type=\"application\/ld+json\" class=\"yoast-schema-graph\">{\"@context\":\"https:\/\/schema.org\",\"@graph\":[{\"@type\":\"WebSite\",\"@id\":\"https:\/\/www.peakstore.mx\/store\/#website\",\"url\":\"https:\/\/www.peakstore.mx\/store\/\",\"name\":\"PeakStore\",\"description\":\"Market Place para M\\u00e9xico\",\"potentialAction\":[{\"@type\":\"SearchAction\",\"target\":\"https:\/\/www.peakstore.mx\/store\/?s={search_term_string}\",\"query-input\":\"required name=search_term_string\"}],\"inLanguage\":\"es-MX\"},{\"@type\":\"ImageObject\",\"@id\":\"https:\/\/www.peakstore.mx\/store\/proyectate-radio\/#primaryimage\",\"inLanguage\":\"es-MX\",\"url\":\"https:\/\/www.peakstore.mx\/store\/wp-content\/uploads\/2021\/07\/Logotipo.jpg\",\"width\":714,\"height\":699},{\"@type\":\"WebPage\",\"@id\":\"https:\/\/www.peakstore.mx\/store\/proyectate-radio\/#webpage\",\"url\":\"https:\/\/www.peakstore.mx\/store\/proyectate-radio\/\",\"name\":\"PROY\\u00c9CTATE RADIO - PeakStore\",\"isPartOf\":{\"@id\":\"https:\/\/www.peakstore.mx\/store\/#website\"},\"primaryImageOfPage\":{\"@id\":\"https:\/\/www.peakstore.mx\/store\/proyectate-radio\/#primaryimage\"},\"datePublished\":\"2021-07-25T19:47:41+00:00\",\"dateModified\":\"2021-07-25T23:56:42+00:00\",\"inLanguage\":\"es-MX\",\"potentialAction\":[{\"@type\":\"ReadAction\",\"target\":[\"https:\/\/www.peakstore.mx\/store\/proyectate-radio\/\"]}]}]}<\/script>\n<!-- \/ Yoast SEO plugin. -->","_links":{"self":[{"href":"https:\/\/www.peakstore.mx\/store\/wp-json\/wp\/v2\/pages\/6129"}],"collection":[{"href":"https:\/\/www.peakstore.mx\/store\/wp-json\/wp\/v2\/pages"}],"about":[{"href":"https:\/\/www.peakstore.mx\/store\/wp-json\/wp\/v2\/types\/page"}],"author":[{"embeddable":true,"href":"https:\/\/www.peakstore.mx\/store\/wp-json\/wp\/v2\/users\/1"}],"replies":[{"embeddable":true,"href":"https:\/\/www.peakstore.mx\/store\/wp-json\/wp\/v2\/comments?post=6129"}],"version-history":[{"count":12,"href":"https:\/\/www.peakstore.mx\/store\/wp-json\/wp\/v2\/pages\/6129\/revisions"}],"predecessor-version":[{"id":6156,"href":"https:\/\/www.peakstore.mx\/store\/wp-json\/wp\/v2\/pages\/6129\/revisions\/6156"}],"wp:featuredmedia":[{"embeddable":true,"href":"https:\/\/www.peakstore.mx\/store\/wp-json\/wp\/v2\/media\/6130"}],"wp:attachment":[{"href":"https:\/\/www.peakstore.mx\/store\/wp-json\/wp\/v2\/media?parent=6129"}],"curies":[{"name":"wp","href":"https:\/\/api.w.org\/{rel}","templated":true}]}}