{"id":1806,"date":"2016-12-31T00:44:33","date_gmt":"2016-12-31T00:44:33","guid":{"rendered":"https:\/\/wyzi.net\/servicefinder\/cart\/"},"modified":"2020-04-17T18:23:13","modified_gmt":"2020-04-17T18:23:13","slug":"registra-tu-comercio-en-peak-store-y-vende-mas","status":"publish","type":"page","link":"https:\/\/www.peakstore.mx\/store\/registra-tu-comercio-en-peak-store-y-vende-mas\/","title":{"rendered":"Cart"},"content":{"rendered":"<div class=\"woocommerce\"><div class=\"woocommerce-notices-wrapper\"><\/div><p class=\"cart-empty woocommerce-info\">Tu carrito est\u00e1 vac\u00edo.<\/p>\t<p class=\"return-to-shop\">\n\t\t<a class=\"button wc-backward\" href=\"https:\/\/www.peakstore.mx\/store\/tienda-en-linea\/\">\n\t\t\tVolver a la tienda\t\t<\/a>\n\t<\/p>\n<\/div>\n","protected":false},"excerpt":{"rendered":"Tu carrito est\u00e1 vac\u00edo. Volver a la tienda","protected":false},"author":1,"featured_media":0,"parent":0,"menu_order":0,"comment_status":"closed","ping_status":"closed","template":"","meta":{"pmpro_default_level":0},"yoast_head":"<!-- This site is optimized with the Yoast SEO plugin v15.0 - https:\/\/yoast.com\/wordpress\/plugins\/seo\/ -->\n<title>Vende m\u00e1s en Peak Store M\u00e9xico<\/title>\n<meta name=\"description\" content=\"Tienda en l\u00ednea para la venta de servicios en M\u00e9xico Peak Store, si quieres aumentar las ventas de tu negocio solo reg\u00edstralo y sube una oferta \u00fanica\" \/>\n<meta name=\"robots\" content=\"index, follow, max-snippet:-1, max-image-preview:large, max-video-preview:-1\" \/>\n<link rel=\"canonical\" href=\"https:\/\/www.peakstore.mx\/store\/registra-tu-comercio-en-peak-store-y-vende-mas\/\" \/>\n<meta property=\"og:locale\" content=\"es_MX\" \/>\n<meta property=\"og:type\" content=\"article\" \/>\n<meta property=\"og:title\" content=\"Vende m\u00e1s en Peak Store M\u00e9xico\" \/>\n<meta property=\"og:description\" content=\"Tienda en l\u00ednea para la venta de servicios en M\u00e9xico Peak Store, si quieres aumentar las ventas de tu negocio solo reg\u00edstralo y sube una oferta \u00fanica\" \/>\n<meta property=\"og:url\" content=\"https:\/\/www.peakstore.mx\/store\/registra-tu-comercio-en-peak-store-y-vende-mas\/\" \/>\n<meta property=\"og:site_name\" content=\"PeakStore\" \/>\n<meta property=\"article:modified_time\" content=\"2020-04-17T18:23:13+00:00\" \/>\n<meta name=\"twitter:card\" content=\"summary_large_image\" \/>\n<script type=\"application\/ld+json\" class=\"yoast-schema-graph\">{\"@context\":\"https:\/\/schema.org\",\"@graph\":[{\"@type\":\"WebSite\",\"@id\":\"https:\/\/www.peakstore.mx\/store\/#website\",\"url\":\"https:\/\/www.peakstore.mx\/store\/\",\"name\":\"PeakStore\",\"description\":\"Market Place para M\\u00e9xico\",\"potentialAction\":[{\"@type\":\"SearchAction\",\"target\":\"https:\/\/www.peakstore.mx\/store\/?s={search_term_string}\",\"query-input\":\"required name=search_term_string\"}],\"inLanguage\":\"es-MX\"},{\"@type\":\"WebPage\",\"@id\":\"https:\/\/www.peakstore.mx\/store\/registra-tu-comercio-en-peak-store-y-vende-mas\/#webpage\",\"url\":\"https:\/\/www.peakstore.mx\/store\/registra-tu-comercio-en-peak-store-y-vende-mas\/\",\"name\":\"Vende m\\u00e1s en Peak Store M\\u00e9xico\",\"isPartOf\":{\"@id\":\"https:\/\/www.peakstore.mx\/store\/#website\"},\"datePublished\":\"2016-12-31T00:44:33+00:00\",\"dateModified\":\"2020-04-17T18:23:13+00:00\",\"description\":\"Tienda en l\\u00ednea para la venta de servicios en M\\u00e9xico Peak Store, si quieres aumentar las ventas de tu negocio solo reg\\u00edstralo y sube una oferta \\u00fanica\",\"inLanguage\":\"es-MX\",\"potentialAction\":[{\"@type\":\"ReadAction\",\"target\":[\"https:\/\/www.peakstore.mx\/store\/registra-tu-comercio-en-peak-store-y-vende-mas\/\"]}]}]}<\/script>\n<!-- \/ Yoast SEO plugin. -->","_links":{"self":[{"href":"https:\/\/www.peakstore.mx\/store\/wp-json\/wp\/v2\/pages\/1806"}],"collection":[{"href":"https:\/\/www.peakstore.mx\/store\/wp-json\/wp\/v2\/pages"}],"about":[{"href":"https:\/\/www.peakstore.mx\/store\/wp-json\/wp\/v2\/types\/page"}],"author":[{"embeddable":true,"href":"https:\/\/www.peakstore.mx\/store\/wp-json\/wp\/v2\/users\/1"}],"replies":[{"embeddable":true,"href":"https:\/\/www.peakstore.mx\/store\/wp-json\/wp\/v2\/comments?post=1806"}],"version-history":[{"count":1,"href":"https:\/\/www.peakstore.mx\/store\/wp-json\/wp\/v2\/pages\/1806\/revisions"}],"predecessor-version":[{"id":2708,"href":"https:\/\/www.peakstore.mx\/store\/wp-json\/wp\/v2\/pages\/1806\/revisions\/2708"}],"wp:attachment":[{"href":"https:\/\/www.peakstore.mx\/store\/wp-json\/wp\/v2\/media?parent=1806"}],"curies":[{"name":"wp","href":"https:\/\/api.w.org\/{rel}","templated":true}]}}